{"id":23010,"date":"2017-02-16T18:40:28","date_gmt":"2017-02-16T23:40:28","guid":{"rendered":"https:\/\/int.design\/projets\/prix-etudiant-ferdie\/"},"modified":"2020-10-02T07:53:02","modified_gmt":"2020-10-02T11:53:02","slug":"prix-etudiant-ferdie","status":"publish","type":"project","link":"https:\/\/int.design\/en\/projects\/prix-etudiant-ferdie\/","title":{"rendered":"BOLLARD Maison de la culture"},"content":{"rendered":"<p>La Maison de la culture Bollard \u00e9tait \u00e0 l&#8217;origine une station-service tr\u00f4nant au c\u0153ur de la vie du quartier de la Petite Bourgogne. Ce projet se veut une aire de rassemblement proposant aux citoyens une exp\u00e9rience structur\u00e9e ou en libre-service, et offrant des activit\u00e9s vari\u00e9es tant de jour que de nuit. L\u2019environnement vaste et d\u00e9gag\u00e9 pr\u00e9sente une grande flexibilit\u00e9 gr\u00e2ce \u00e0 certaines fa\u00e7ades, de m\u00eame qu&#8217;au mobilier amovible pouvant \u00eatre dispos\u00e9 selon les saisons, les besoins et l\u2019envie des usagers.<\/p>\n","protected":false},"template":"","class_list":["post-23010","project","type-project","status-publish","hentry"],"acf":[],"yoast_head":"<!-- This site is optimized with the Yoast SEO plugin v21.5 - https:\/\/yoast.com\/wordpress\/plugins\/seo\/ -->\n<title>BOLLARD Maison de la culture - INT Design<\/title>\n<meta name=\"robots\" content=\"index, follow, max-snippet:-1, max-image-preview:large, max-video-preview:-1\" \/>\n<link rel=\"canonical\" href=\"https:\/\/int.design\/en\/projects\/prix-etudiant-ferdie\/\" \/>\n<meta property=\"og:locale\" content=\"en_US\" \/>\n<meta property=\"og:type\" content=\"article\" \/>\n<meta property=\"og:title\" content=\"BOLLARD Maison de la culture - INT Design\" \/>\n<meta property=\"og:description\" content=\"La Maison de la culture Bollard \u00e9tait \u00e0 l&#8217;origine une station-service tr\u00f4nant au c\u0153ur de la vie du quartier de la Petite Bourgogne. Ce projet se veut une aire de rassemblement proposant aux citoyens une exp\u00e9rience structur\u00e9e ou en libre-service, et offrant des activit\u00e9s vari\u00e9es tant de jour que de nuit. L\u2019environnement vaste et d\u00e9gag\u00e9 &hellip; Continued\" \/>\n<meta property=\"og:url\" content=\"https:\/\/int.design\/en\/projects\/prix-etudiant-ferdie\/\" \/>\n<meta property=\"og:site_name\" content=\"INT Design\" \/>\n<meta property=\"article:modified_time\" content=\"2020-10-02T11:53:02+00:00\" \/>\n<meta name=\"twitter:card\" content=\"summary_large_image\" \/>\n<script type=\"application\/ld+json\" class=\"yoast-schema-graph\">{\"@context\":\"https:\/\/schema.org\",\"@graph\":[{\"@type\":\"WebPage\",\"@id\":\"https:\/\/int.design\/en\/projects\/prix-etudiant-ferdie\/\",\"url\":\"https:\/\/int.design\/en\/projects\/prix-etudiant-ferdie\/\",\"name\":\"BOLLARD Maison de la culture - INT Design\",\"isPartOf\":{\"@id\":\"https:\/\/int.design\/fr\/#website\"},\"datePublished\":\"2017-02-16T23:40:28+00:00\",\"dateModified\":\"2020-10-02T11:53:02+00:00\",\"breadcrumb\":{\"@id\":\"https:\/\/int.design\/en\/projects\/prix-etudiant-ferdie\/#breadcrumb\"},\"inLanguage\":\"en-US\",\"potentialAction\":[{\"@type\":\"ReadAction\",\"target\":[\"https:\/\/int.design\/en\/projects\/prix-etudiant-ferdie\/\"]}]},{\"@type\":\"BreadcrumbList\",\"@id\":\"https:\/\/int.design\/en\/projects\/prix-etudiant-ferdie\/#breadcrumb\",\"itemListElement\":[{\"@type\":\"ListItem\",\"position\":1,\"name\":\"Home\",\"item\":\"https:\/\/int.design\/en\/\"},{\"@type\":\"ListItem\",\"position\":2,\"name\":\"Projects\",\"item\":\"https:\/\/int.design\/en\/projects\/\"},{\"@type\":\"ListItem\",\"position\":3,\"name\":\"BOLLARD Maison de la culture\"}]},{\"@type\":\"WebSite\",\"@id\":\"https:\/\/int.design\/fr\/#website\",\"url\":\"https:\/\/int.design\/fr\/\",\"name\":\"INT Design\",\"description\":\"\",\"potentialAction\":[{\"@type\":\"SearchAction\",\"target\":{\"@type\":\"EntryPoint\",\"urlTemplate\":\"https:\/\/int.design\/fr\/?s={search_term_string}\"},\"query-input\":\"required name=search_term_string\"}],\"inLanguage\":\"en-US\"}]}<\/script>\n<!-- \/ Yoast SEO plugin. -->","yoast_head_json":{"title":"BOLLARD Maison de la culture - INT Design","robots":{"index":"index","follow":"follow","max-snippet":"max-snippet:-1","max-image-preview":"max-image-preview:large","max-video-preview":"max-video-preview:-1"},"canonical":"https:\/\/int.design\/en\/projects\/prix-etudiant-ferdie\/","og_locale":"en_US","og_type":"article","og_title":"BOLLARD Maison de la culture - INT Design","og_description":"La Maison de la culture Bollard \u00e9tait \u00e0 l&#8217;origine une station-service tr\u00f4nant au c\u0153ur de la vie du quartier de la Petite Bourgogne. Ce projet se veut une aire de rassemblement proposant aux citoyens une exp\u00e9rience structur\u00e9e ou en libre-service, et offrant des activit\u00e9s vari\u00e9es tant de jour que de nuit. L\u2019environnement vaste et d\u00e9gag\u00e9 &hellip; Continued","og_url":"https:\/\/int.design\/en\/projects\/prix-etudiant-ferdie\/","og_site_name":"INT Design","article_modified_time":"2020-10-02T11:53:02+00:00","twitter_card":"summary_large_image","schema":{"@context":"https:\/\/schema.org","@graph":[{"@type":"WebPage","@id":"https:\/\/int.design\/en\/projects\/prix-etudiant-ferdie\/","url":"https:\/\/int.design\/en\/projects\/prix-etudiant-ferdie\/","name":"BOLLARD Maison de la culture - INT Design","isPartOf":{"@id":"https:\/\/int.design\/fr\/#website"},"datePublished":"2017-02-16T23:40:28+00:00","dateModified":"2020-10-02T11:53:02+00:00","breadcrumb":{"@id":"https:\/\/int.design\/en\/projects\/prix-etudiant-ferdie\/#breadcrumb"},"inLanguage":"en-US","potentialAction":[{"@type":"ReadAction","target":["https:\/\/int.design\/en\/projects\/prix-etudiant-ferdie\/"]}]},{"@type":"BreadcrumbList","@id":"https:\/\/int.design\/en\/projects\/prix-etudiant-ferdie\/#breadcrumb","itemListElement":[{"@type":"ListItem","position":1,"name":"Home","item":"https:\/\/int.design\/en\/"},{"@type":"ListItem","position":2,"name":"Projects","item":"https:\/\/int.design\/en\/projects\/"},{"@type":"ListItem","position":3,"name":"BOLLARD Maison de la culture"}]},{"@type":"WebSite","@id":"https:\/\/int.design\/fr\/#website","url":"https:\/\/int.design\/fr\/","name":"INT Design","description":"","potentialAction":[{"@type":"SearchAction","target":{"@type":"EntryPoint","urlTemplate":"https:\/\/int.design\/fr\/?s={search_term_string}"},"query-input":"required name=search_term_string"}],"inLanguage":"en-US"}]}},"entry":{"cats":{"disciplines":[],"big_cats":[],"sub_cats":[]},"entry":{"":null,"status":"completed","winner_title":"","winner_prize_lang":"","title_translatable":false,"title_en":"","title_fr":"","releve_award":false,"releve_award_cv":false,"collaboration":false,"collaboration_firms":false,"other_firms":false,"owner":{"name":"","confidential":false,"website":"","contact_name":"","email":"","phone":""},"address":{"address":"","city":"","region":"","province":"","country":"","postal_code":""},"logos":false,"use_logo":false,"designers":false,"cover":false,"images":[{"image":{"ID":3857,"id":3857,"title":"expo-1.jpg","filename":"expo-1.jpg","filesize":0,"url":"https:\/\/d2q6z78khxmx42.cloudfront.net\/2017\/02\/expo-1.jpg","link":"https:\/\/int.design\/en\/expo-1-jpg\/","alt":"","author":"0","description":"","caption":"","name":"expo-1-jpg","status":"inherit","uploaded_to":0,"date":"2020-04-06 03:55:59","modified":"2020-04-06 03:55:59","menu_order":0,"mime_type":"image\/jpeg","type":"image","subtype":"jpeg","icon":"https:\/\/int.design\/wp-includes\/images\/media\/default.png","width":1152,"height":864,"sizes":{"thumbnail":"https:\/\/d2q6z78khxmx42.cloudfront.net\/2017\/02\/expo-1-150x150.jpg","thumbnail-width":150,"thumbnail-height":150,"medium":"https:\/\/d2q6z78khxmx42.cloudfront.net\/2017\/02\/expo-1-300x225.jpg","medium-width":300,"medium-height":225,"medium_large":"https:\/\/d2q6z78khxmx42.cloudfront.net\/2017\/02\/expo-1-768x576.jpg","medium_large-width":768,"medium_large-height":576,"large":"https:\/\/d2q6z78khxmx42.cloudfront.net\/2017\/02\/expo-1-1024x768.jpg","large-width":1024,"large-height":768,"1536x1536":"https:\/\/d2q6z78khxmx42.cloudfront.net\/2017\/02\/expo-1.jpg","1536x1536-width":1152,"1536x1536-height":864,"2048x2048":"https:\/\/d2q6z78khxmx42.cloudfront.net\/2017\/02\/expo-1.jpg","2048x2048-width":1152,"2048x2048-height":864,"article":"https:\/\/d2q6z78khxmx42.cloudfront.net\/2017\/02\/expo-1-960x540.jpg","article-width":960,"article-height":540,"banner":"https:\/\/d2q6z78khxmx42.cloudfront.net\/2017\/02\/expo-1.jpg","banner-width":1152,"banner-height":864,"block":"https:\/\/d2q6z78khxmx42.cloudfront.net\/2017\/02\/expo-1-900x680.jpg","block-width":900,"block-height":680,"card":"https:\/\/d2q6z78khxmx42.cloudfront.net\/2017\/02\/expo-1-560x495.jpg","card-width":560,"card-height":495,"card-thumbnail":"https:\/\/d2q6z78khxmx42.cloudfront.net\/2017\/02\/expo-1-450x340.jpg","card-thumbnail-width":450,"card-thumbnail-height":340,"conference":"https:\/\/d2q6z78khxmx42.cloudfront.net\/2017\/02\/expo-1-560x250.jpg","conference-width":560,"conference-height":250,"contest":"https:\/\/d2q6z78khxmx42.cloudfront.net\/2017\/02\/expo-1-960x400.jpg","contest-width":960,"contest-height":400,"cta":"https:\/\/d2q6z78khxmx42.cloudfront.net\/2017\/02\/expo-1-415x170.jpg","cta-width":415,"cta-height":170,"exhibitor":"https:\/\/d2q6z78khxmx42.cloudfront.net\/2017\/02\/expo-1-560x560.jpg","exhibitor-width":560,"exhibitor-height":560,"gallery":"https:\/\/d2q6z78khxmx42.cloudfront.net\/2017\/02\/expo-1-560x420.jpg","gallery-width":560,"gallery-height":420,"logo":"https:\/\/d2q6z78khxmx42.cloudfront.net\/2017\/02\/expo-1-133x100.jpg","logo-width":133,"logo-height":100,"masonry":"https:\/\/d2q6z78khxmx42.cloudfront.net\/2017\/02\/expo-1-550x413.jpg","masonry-width":550,"masonry-height":413,"modal":"https:\/\/d2q6z78khxmx42.cloudfront.net\/2017\/02\/expo-1.jpg","modal-width":1152,"modal-height":864,"number":"https:\/\/d2q6z78khxmx42.cloudfront.net\/2017\/02\/Eot6aIoF-expo-1-560x420.jpg","number-width":560,"number-height":420,"partner":"https:\/\/d2q6z78khxmx42.cloudfront.net\/2017\/02\/expo-1-275x206.jpg","partner-width":275,"partner-height":206,"ranking":"https:\/\/d2q6z78khxmx42.cloudfront.net\/2017\/02\/Eot6aIoF-expo-1-960x540.jpg","ranking-width":960,"ranking-height":540,"schedule":"https:\/\/d2q6z78khxmx42.cloudfront.net\/2017\/02\/expo-1-960x360.jpg","schedule-width":960,"schedule-height":360,"slideshow":"https:\/\/d2q6z78khxmx42.cloudfront.net\/2017\/02\/expo-1-907x680.jpg","slideshow-width":907,"slideshow-height":680}},"attachment_category":[],"credit":""}],"mandatory_documents":false,"optional_documents":false,"web_text":{"fr":"","en":"","original":""},"jury_text":false,"different_jury_text":false,"different_category_text":false},"laureats":[],"contest_id":"1784","contest_title":"GRANDS PRIX DU DESIGN - 10th edition","firms":[],"user":{"email":"old_edition@agencepid.com","first_name":"Old Edition","last_name":"Participant"},"doc_texts_web":{"fr":"<p>La Maison de la culture Bollard \u00e9tait \u00e0 l&#8217;origine une station-service tr\u00f4nant au c\u0153ur de la vie du quartier de la Petite Bourgogne. Ce projet se veut une aire de rassemblement proposant aux citoyens une exp\u00e9rience structur\u00e9e ou en libre-service, et offrant des activit\u00e9s vari\u00e9es tant de jour que de nuit. L\u2019environnement vaste et d\u00e9gag\u00e9 pr\u00e9sente une grande flexibilit\u00e9 gr\u00e2ce \u00e0 certaines fa\u00e7ades, de m\u00eame qu&#8217;au mobilier amovible pouvant \u00eatre dispos\u00e9 selon les saisons, les besoins et l\u2019envie des usagers.<\/p>\n","en":"<p>La Maison de la culture Bollard \u00e9tait \u00e0 l&#8217;origine une station-service tr\u00f4nant au c\u0153ur de la vie du quartier de la Petite Bourgogne. Ce projet se veut une aire de rassemblement proposant aux citoyens une exp\u00e9rience structur\u00e9e ou en libre-service, et offrant des activit\u00e9s vari\u00e9es tant de jour que de nuit. L\u2019environnement vaste et d\u00e9gag\u00e9 pr\u00e9sente une grande flexibilit\u00e9 gr\u00e2ce \u00e0 certaines fa\u00e7ades, de m\u00eame qu&#8217;au mobilier amovible pouvant \u00eatre dispos\u00e9 selon les saisons, les besoins et l\u2019envie des usagers.<\/p>\n"},"permalinks":{"fr":"https:\/\/int.design\/fr\/projets\/prix-etudiant-ferdie\/","en":"https:\/\/int.design\/en\/projects\/prix-etudiant-ferdie\/"},"titles":{"fr":"BOLLARD Maison de la culture","en":"BOLLARD Maison de la culture"},"wp_fields":{"informations":{"fr":[{"content_type":"text","title":"Design","content":"Andr\u00e9e-Anne Ledoux","link":null},{"content_type":"text","title":"Cat\u00e9gorie","content":"Prix \u00e9tudiant FERDIE","link":null}],"en":[{"content_type":"text","title":"Design","content":"Andr\u00e9e-Anne Ledoux","link":null},{"content_type":"text","title":"Cat\u00e9gorie","content":"Prix \u00e9tudiant FERDIE","link":null}]}},"laravel_id":""},"_links":{"self":[{"href":"https:\/\/int.design\/en\/wp-json\/wp\/v2\/project\/23010","targetHints":{"allow":["GET"]}}],"collection":[{"href":"https:\/\/int.design\/en\/wp-json\/wp\/v2\/project"}],"about":[{"href":"https:\/\/int.design\/en\/wp-json\/wp\/v2\/types\/project"}],"wp:attachment":[{"href":"https:\/\/int.design\/en\/wp-json\/wp\/v2\/media?parent=23010"}],"curies":[{"name":"wp","href":"https:\/\/api.w.org\/{rel}","templated":true}]}}

<p>La Maison de la culture Bollard était à l&#8217;origine une station-service trônant au cœur de la vie du quartier de la Petite Bourgogne. Ce projet se veut une aire de rassemblement proposant aux citoyens une expérience structurée ou en libre-service, et offrant des activités variées tant de jour que de nuit. L’environnement vaste et dégagé présente une grande flexibilité grâce à certaines façades, de même qu&#8217;au mobilier amovible pouvant être disposé selon les saisons, les besoins et l’envie des usagers.</p>

<!-- This site is optimized with the Yoast SEO plugin v21.5 - https://yoast.com/wordpress/plugins/seo/ -->
<title>BOLLARD Maison de la culture - INT Design</title>
<meta name="robots" content="index, follow, max-snippet:-1, max-image-preview:large, max-video-preview:-1" />
<link rel="canonical" href="https://int.design/en/projects/prix-etudiant-ferdie/" />
<meta property="og:locale" content="en_US" />
<meta property="og:type" content="article" />
<meta property="og:title" content="BOLLARD Maison de la culture - INT Design" />
<meta property="og:description" content="La Maison de la culture Bollard était à l&#8217;origine une station-service trônant au cœur de la vie du quartier de la Petite Bourgogne. Ce projet se veut une aire de rassemblement proposant aux citoyens une expérience structurée ou en libre-service, et offrant des activités variées tant de jour que de nuit. L’environnement vaste et dégagé &hellip; Continued" />
<meta property="og:url" content="https://int.design/en/projects/prix-etudiant-ferdie/" />
<meta property="og:site_name" content="INT Design" />
<meta property="article:modified_time" content="2020-10-02T11:53:02+00:00" />
<meta name="twitter:card" content="summary_large_image" />
<script type="application/ld+json" class="yoast-schema-graph">{"@context":"https://schema.org","@graph":[{"@type":"WebPage","@id":"https://int.design/en/projects/prix-etudiant-ferdie/","url":"https://int.design/en/projects/prix-etudiant-ferdie/","name":"BOLLARD Maison de la culture - INT Design","isPartOf":{"@id":"https://int.design/fr/#website"},"datePublished":"2017-02-16T23:40:28+00:00","dateModified":"2020-10-02T11:53:02+00:00","breadcrumb":{"@id":"https://int.design/en/projects/prix-etudiant-ferdie/#breadcrumb"},"inLanguage":"en-US","potentialAction":[{"@type":"ReadAction","target":["https://int.design/en/projects/prix-etudiant-ferdie/"]}]},{"@type":"BreadcrumbList","@id":"https://int.design/en/projects/prix-etudiant-ferdie/#breadcrumb","itemListElement":[{"@type":"ListItem","position":1,"name":"Home","item":"https://int.design/en/"},{"@type":"ListItem","position":2,"name":"Projects","item":"https://int.design/en/projects/"},{"@type":"ListItem","position":3,"name":"BOLLARD Maison de la culture"}]},{"@type":"WebSite","@id":"https://int.design/fr/#website","url":"https://int.design/fr/","name":"INT Design","description":"","potentialAction":[{"@type":"SearchAction","target":{"@type":"EntryPoint","urlTemplate":"https://int.design/fr/?s={search_term_string}"},"query-input":"required name=search_term_string"}],"inLanguage":"en-US"}]}</script>
<!-- / Yoast SEO plugin. -->

La Maison de la culture Bollard était à l&#8217;origine une station-service trônant au cœur de la vie du quartier de la Petite Bourgogne. Ce projet se veut une aire de rassemblement proposant aux citoyens une expérience structurée ou en libre-service, et offrant des activités variées tant de jour que de nuit. L’environnement vaste et dégagé &hellip; Continued

Andrée-Anne Ledoux

Catégorie

Prix étudiant FERDIE
